?
0
Let a = 54 + -51. What is the units digit of (-2)/14*a + (-472)/(-7)?
7
Suppose 26*t - 23*t - 258 = 0. What is the tens digit of t?
8
Let i(g) = -162*g + 3. Let m be i(2). Let j = m + 213. Let s = -75 - j. What is the tens digit of s?
3
Let x(w) = 17*w - 4. Suppose 4 + 17 = 3*i. What is the hundreds digit of x(i)?
1
Suppose 0 = -2*v - 4*t - 10, 2*v - 29 = -v + 5*t. Let c(k) = k**2 + 2*k + 1. Let l be c(-1). Suppose -v*n + 5*n - 34 = l. What is the tens digit of n?
1
Suppose r - 18 = -4*q - r, -r = -q + 3. Let l(g) = -g**2 + 5*g - 1. Let i be l(q). Suppose i*t + 0*t = 30. What is the units digit of t?
0
What is the hundreds digit of (-1)/((-11)/2) - (-32552)/44?
7
Let w(b) = -b**3 + 17*b**2 - 20*b + 25. Let h be w(16). What is the tens digit of 18*h/(-6) - -1?
1
What is the tens digit of (-4)/6*915975/(-354)?
2
Let a be (2 + (-2)/4)*16/6. Let y = 26 - a. What is the units digit of y?
2
Suppose -3*g + 410 = -55. What is the hundreds digit of g?
1
Let u be -3*(-4)/(-6) - -7. Suppose 5*x = 2*r + 89, -50 + 145 = 5*x - u*r. What is the tens digit of x?
1
Let c(l) = 2*l + 11. Let s(q) = -q. Let x(p) = -c(p) + s(p). Let o be 12/(-9)*6/1. What is the units digit of x(o)?
3
What is the tens digit of 7*77 + (-8)/(-1 - 1)?
4
What is the units digit of 4/(-14) + 8910/21?
4
Let j(b) = -2*b**2 - 70*b - 21. What is the units digit of j(-7)?
1
What is the thousands digit of (56/140)/((-2)/(-5135))?
1
Let z = 2123 - 509. What is the tens digit of z?
1
Let p be -106 - (0 - 20/(-5)). Let r = -59 - p. What is the units digit of r?
1
Let x = -22 - -36. Let i be -15*(-4 - x/(-3)). Let v(g) = -7*g - 20. What is the units digit of v(i)?
0
Suppose -139 - 41 = -15*l. What is the tens digit of l?
1
Suppose -33*p + 45166 = -869. What is the tens digit of p?
9
Let i = -40 + 69. Suppose -4*o - 5*z = 58, 11 = o + 3*z + i. What is the tens digit of ((-8)/o)/(1/24)?
1
Let z = 439 + 45. What is the hundreds digit of z?
4
Suppose 14056 = 4*u - x - 2003, 3*x = -9. What is the hundreds digit of u?
0
Let j be 20 + 0 + -7 + 4. Let a = j - -68. What is the tens digit of a?
8
What is the hundreds digit of (-5080)/(-25)*45/18?
5
Suppose 35*y - 15*y = 8980. What is the hundreds digit of y?
4
Suppose 0 = u - 4 - 10. Suppose -4*w + u - 46 = 0. Let h = 32 + w. What is the units digit of h?
4
Let t = 123 + -121. Suppose -5*u - 25 = 0, 0*u + 385 = 3*x - t*u. What is the tens digit of x?
2
Let t = -2521 - -4985. What is the units digit of t?
4
Suppose -6*s + 11*s + 2*r = 0, 0 = -3*s - 4*r - 14. Let j be (-167)/(-3) + (-8)/12. Let z = s + j. What is the units digit of z?
7
Let o be (-18)/24 + 6/8. Let u(c) = -1 + o*c - 11 - 9*c. What is the units digit of u(-8)?
0
What is the units digit of 120/(-18)*(1 - 2228/20)?
6
Suppose t + 5*x = 10, 2*x + 2*x = 8. Suppose 9*v = 6*v + 204. Suppose t = -4*w + j + 185, w = 4*j + v - 3. What is the units digit of w?
5
Let h = -35 - -22. Let p(j) = -j**3 - 13*j**2 + j + 16. What is the units digit of p(h)?
3
Suppose -666 = 3*t - 5*n - 4179, 5*n + 4684 = 4*t. What is the tens digit of t?
7
Let i(f) = 43*f**2 + 31*f - 92. What is the units digit of i(3)?
8
Suppose 0 = -j - 5*x - 32 + 112, -j + x + 92 = 0. Let i be ((-1)/2)/((-5)/j). Let d = i + -3. What is the units digit of d?
6
Let k(w) = 1 - 40 - 10*w + 19. What is the tens digit of k(-8)?
6
What is the units digit of ((-1020)/(-425))/(0 + 6/520)?
8
What is the tens digit of (292/(-6) + -2)*(-1170)/24?
7
Suppose 4*q = -l + 1056, -8*l + 3*l = -3*q - 5211. What is the thousands digit of l?
1
Suppose t = v + 2473, -3*v = -2*t - 0*t + 4941. What is the hundreds digit of t?
4
Let h(s) be the first derivative of 7*s**3/3 - s**2/2 + 4*s + 2. What is the tens digit of h(3)?
6
Let j be (-6 - 0)/(7 - 9). Suppose -y + 2*c = -11, -c = j*y - 5*y + 13. Suppose 5*l = 3*l, m - 8 = y*l. What is the units digit of m?
8
What is the units digit of (-6 - (-84)/(-70))/((-2)/90)?
4
Suppose -379 = 4*m - 5*h, m + 48 + 53 = -5*h. Let r = m - -213. What is the hundreds digit of r?
1
Suppose 2*x + 32 = 4. Let h = x + 83. Suppose 0*g - 106 = -3*s - g, -2*s + h = -g. What is the tens digit of s?
3
Let x(t) = 52*t + 418. What is the tens digit of x(14)?
4
Suppose 0 = -8*o - 36 - 268. Let y = o + 125. What is the units digit of y?
7
Let w = -4354 - -7674. What is the units digit of w?
0
Let b = -33 + 44. Suppose -b*k = -4*k - 1421. What is the units digit of k?
3
Suppose -4*f + 40*f - 87624 = 0. What is the hundreds digit of f?
4
Let d(h) = h**3 + 18*h**2 + 30*h - 26. What is the units digit of d(-16)?
6
Let u(x) = -2*x**2 - 4*x + 568. What is the hundreds digit of u(0)?
5
Let q(v) = -2*v**2 - 7*v + 2. Let m(k) = -4*k**2 - 13*k + 3. Let n(g) = 3*m(g) - 5*q(g). Let u be n(-3). Let o(h) = -2*h - 7. What is the units digit of o(u)?
7
Suppose 4*w - 2788 = -4*u, -20 = 4*u - 12. What is the hundreds digit of w?
6
Suppose -t + 2*m + 350 = 0, 0 = t - m + 153 - 505. Suppose -4*d = -2*d + 4*i - 236, -3*d + t = -i. What is the hundreds digit of d?
1
Suppose -31*z + 2199 = -1056. What is the tens digit of z?
0
Let i = -2 - -9. Let r(z) be the first derivative of z**3/3 + z**2/2 + 6*z + 275. What is the tens digit of r(i)?
6
Let z(h) = 363*h**2 - 7*h - 3. What is the thousands digit of z(-2)?
1
Suppose 150 = d + 4*d. Suppose -3*u - x + 30 = 0, d = 3*u - 3*x + 2*x. Suppose u*l - 124 = 6*l. What is the tens digit of l?
3
Suppose 0*j = 10*j - 1890. Suppose 3*g = 4*b - 529, -j - 341 = -4*b + 2*g. What is the hundreds digit of b?
1
Let m = -23 - -38. Let n(z) = z**2 - 16*z + 19. Let v be n(m). Suppose v*d = -8, -3*d = 3*o - d - 116. What is the units digit of o?
0
Suppose 2*z = -1 + 3. Suppose -5*p = -106 + z. What is the tens digit of 160/7 + 3/p?
2
Let g = 1141 + -762. What is the units digit of g?
9
Suppose -23*v = -22*v - 1021. Suppose -12*s + 2833 = v. What is the tens digit of s?
5
Suppose 4*f = 3 + 13. Suppose -74 = -3*h + 2*h - a, 2*a + 140 = 2*h. Suppose -j - h = -5*l, f*l + 3*j + 6 = 56. What is the units digit of l?
4
What is the units digit of (6/(-4) - 2/(-1))*404?
2
What is the thousands digit of 41296/16 - 2*5?
2
Suppose -2*r + 5*r - 2150 = -5*b, 4*b + 728 = r. What is the hundreds digit of r?
7
Let g(i) = i**3 + 2*i**2 - i - 2. Let j be (-18)/10 - 20/100. Let k be g(j). Suppose -3*m - 2*z + 41 = 2*m, k = 3*m - 3*z - 33. What is the units digit of m?
9
Let t(u) = u**3 + 22*u**2 + 44*u + 12. What is the units digit of t(-18)?
6
Let i(u) = -u**3 + u**2 + 34*u + 6. What is the tens digit of i(-7)?
6
Suppose 3*z - 16 = 2. Suppose 2 - z = -x. What is the units digit of 10 + x*3/4?
3
Let n(h) = h**2 + 2*h - 2. Let s be n(-5). Let o(w) = 19*w + 15 + 5 - 13 - 6*w + w**3 - 14*w**2. What is the units digit of o(s)?
7
Let q(h) = h**3 + 4*h + 3. Let s(n) = 3*n**3 - n**2 + 11*n + 8. Let o(f) = -11*q(f) + 4*s(f). Suppose 0 = -5*z - 5 + 30. What is the units digit of o(z)?
4
Suppose 5*j = -37 + 12. Let d(k) = -4*k - 1. Let c be d(j). Let i = 28 - c. What is the units digit of i?
9
Let l(x) = 190*x**2 + 1. Let i be l(-1). What is the tens digit of -5 + i + (-5)/1?
8
Suppose 2*m = 2*l + 46, 0 = l - 2*l + 3. Suppose o - m = 20. What is the tens digit of o?
4
Suppose -2*c = -p + 1, -c - 2*c = -p. Suppose 0*j - k - 806 = -p*j, -814 = -3*j - k. What is the tens digit of j?
7
Suppose -3*c + 37 = -50. Suppose -5*x + p - 62 = -19, -3*p + 49 = -5*x. What is the tens digit of x/4 + c/1?
2
Let r(a) = -2*a**3 - 12*a**2 + 15*a - 61. What is the tens digit of r(-14)?
6
Let d(v) = -24*v + 84. What is the hundreds digit of d(-40)?
0
Let m be -62 - (0 - 8/4). Let h be (m/8)/(-3)*2. Suppose -h*o + 3*j = -21, o - 1 = 5*j - 10. What is the units digit of o?
6
Let f be (-6)/(-4)*(-136)/6. Let n = 146 - 86. Let t = f + n. What is the units digit of t?
6
Suppose -o + 209 = r + 2*o, -3*o + 609 = 3*r. Suppose -2*p = 2*p - r. Suppose 2*q = -2*b + p, -5*q + 96 = -2*q - 4*b. What is the units digit of q?
8
Suppose -4*x + 1704 + 4944 = 2*l, 3*x - 2*l - 4986 = 0. What is the tens digit of x?
6
Let d(b) = -372*b - 404. What is the tens digit of d(-6)?
2
Suppose 39182 = 14*o + 11588. What is the hundreds digit of o?
9
Suppose 2*y + 1 = 2*o + 9, -20 = 5*o. Suppose y = 4*b - 2*u + 24, -6*b + 3*b = -2*u + 20. What is the tens digit of b/8*4 - -31?
2
Let k(m) = -3*m**2 + 11*m + 8. Let